32852131.
132852131
What are the prime factors of 19053690?
2, 3, 5, 757, 839
What are the prime factors of 1808645264?
2, 19, 1193, 4987
List the prime factors of 20079505.
5, 269, 14929
List the prime factors of 130890973.
17, 53, 2741
What are the prime factors of 3525821446?
2, 7, 251844389
What are the prime factors of 90446824?
2, 13, 29, 29989
List the prime factors of 198855189.
3, 13, 566539
List the prime factors of 115023278.
2, 57511639
What are the prime factors of 978464212?
2, 11, 701, 31723
List the prime factors of 2075566152.
2, 3, 11, 89, 88337
List the prime factors of 31666268.
2, 41, 293, 659
What are the prime factors of 101162619?
3, 3259, 3449
List the prime factors of 1862698920.
2, 3, 5, 719, 21589
List the prime factors of 158954121.
3, 17661569
What are the prime factors of 322764183?
3, 7, 569249
What are the prime factors of 5743894?
2, 13, 220919
List the prime factors of 392424639.
3, 130808213
What are the prime factors of 526258325?
5, 31, 619, 1097
List the prime factors of 1412824883.
12277, 115079
List the prime factors of 3907391035.
5, 781478207
What are the prime factors of 5278628?
2, 127, 10391
What are the prime factors of 81663884?
2, 29, 37, 53, 359
List the prime factors of 180560735.
5, 2399, 15053
List the prime factors of 1651280827.
7, 235897261
List the prime factors of 95741159.
1831, 52289
What are the prime factors of 337541276?
2, 84385319
What are the prime factors of 451817391?
3, 827, 182111
List the prime factors of 53822719.
53, 1015523
List the prime factors of 342224996.
2, 31, 2759879
List the prime factors of 16986827.
11, 13, 10799
List the prime factors of 66139758.
2, 3, 17, 331, 653
List the prime factors of 523798298.
2, 853, 307033
List the prime factors of 6994842453.
3, 1123, 230693
What are the prime factors of 7907108093?
31, 10957, 23279
List the prime factors of 46154341.
29, 137, 11617
What are the prime factors of 1064013996?
2, 3, 199, 445567
List the prime factors of 150431006.
2, 11, 6837773
List the prime factors of 54366405.
3, 5, 31, 43, 2719
What are the prime factors of 1919619468?
2, 3, 13, 23, 139, 1283
List the prime factors of 279840239.
7, 1637, 24421
List the prime factors of 24212867.
7, 1637, 2113
What are the prime factors of 175693891?
175693891
List the prime factors of 390771377.
390771377
What are the prime factors of 171764418?
2, 3, 7, 587, 6967
What are the prime factors of 1575241916?
2, 157, 2508347
What are the prime factors of 34841153?
131, 317, 839
What are the prime factors of 350570988?
2, 3, 9738083
List the prime factors of 67779359.
1847, 36697
List the prime factors of 88682345.
5, 17736469
What are the prime factors of 507491750?
2, 5, 2029967
List the prime factors of 703659224.
2, 19, 43, 199, 541
What are the prime factors of 38290884?
2, 3, 41, 223, 349
What are the prime factors of 203464?
2, 29, 877
What are the prime factors of 262352995?
5, 29, 1809331
What are the prime factors of 1029140891?
1029140891
What are the prime factors of 181816792?
2, 22727099
What are the prime factors of 1614573118?
2, 3547, 227597
List the prime factors of 16775625.
3, 5, 23, 389
List the prime factors of 74957110.
2, 5, 7495711
List the prime factors of 101476831.
101476831
List the prime factors of 5404702987.
5404702987
List the prime factors of 169245365.
5, 769, 44017
What are the prime factors of 1397248048?
2, 7, 547, 22807
List the prime factors of 64702610.
2, 5, 7, 924323
List the prime factors of 6243799188.
2, 3, 11, 1811, 26119
What are the prime factors of 531600846?
2, 3, 7, 17, 744539
What are the prime factors of 588136204?
2, 653, 225167
What are the prime factors of 2348071432?
2, 7, 101, 415147
What are the prime factors of 508499809?
89, 5713481
What are the prime factors of 28282752?
2, 3, 24551
What are the prime factors of 4003587021?
3, 7, 97, 563, 3491
List the prime factors of 761681001.
3, 37, 271, 25321
What are the prime factors of 437052731?
43, 331, 30707
List the prime factors of 2087470807.
6661, 313387
List the prime factors of 5059653622.
2, 2529826811
What are the prime factors of 3733146298?
2, 7, 773, 344959
What are the prime factors of 34479924?
2, 3, 647, 4441
List the prime factors of 55630474.
2, 27815237
List the prime factors of 1092885824.
2, 89, 313, 613
What are the prime factors of 6739168333?
163, 607, 68113
What are the prime factors of 131276086?
2, 223, 294341
What are the prime factors of 816191235?
3, 5, 2015287
List the prime factors of 153951137.
43, 3580259
List the prime factors of 42410446.
2, 13, 1631171
List the prime factors of 188051770.
2, 5, 18805177
List the prime factors of 26805140.
2, 5, 887, 1511
What are the prime factors of 46720256?
2, 11, 47, 353
What are the prime factors of 478387390?
2, 5, 13, 587, 6269
List the prime factors of 3263181440.
2, 5, 59, 89, 971
What are the prime factors of 128110958?
2, 19, 191, 929
What are the prime factors of 18179599?
19, 50359
List the prime factors of 18632403.
3, 690089
What are the prime factors of 388829827?
3739, 103993
What are the prime factors of 2098030589?
1409, 1489021
List the prime factors of 86026275.
3, 5, 433, 883
What are the prime factors of 1081256686?
2, 540628343
What are the prime factors of 1447246880?
2, 5, 233, 38821
List the prime factors of 217813315.
5, 67, 650189
List the prime factors of 746755732.
2, 186688933
What are the prime factors of 435234488?
2, 13, 24763
List the prime factors of 47027057.
7, 11, 610741
List the prime factors of 2696800044.
2, 3, 224733337
List the prime factors of 174610094.
2, 17, 5135591
List the prime factors of 52419123.
3, 127, 15287
List the prime factors of 7379377185.
3, 5, 491958479
What are the prime factors of 37261382?
2, 17, 433, 2531
List the prime factors of 1838036762.
2, 29, 1259, 25171
What are the prime factors of 309710394?
2, 3, 7, 2458019
List the prime factors of 30368522.
2, 15184261
What are the prime factors of 37110380?
2, 5, 1855519
List the prime factors of 211790667.
3, 11, 31, 207029
What are the prime factors of 992888213?
17, 58405189
What are the prime factors of 1936208549?
11, 107, 239, 6883
List the prime factors of 91349386.
2, 821, 55633
What are the prime factors of 5199442796?
2, 19, 151, 167, 2713
What are the prime factors of 791555786?
2, 7, 101, 559799
What are the prime factors of 1097952053?
11, 199, 501577
List the prime factors of 7861848425.
5, 314473937
List the prime factors of 35574431.
35574431
What are the prime factors of 804552011?
1721, 467491
What are the prime factors of 21087846?
2, 3, 13, 227, 397
What are the prime factors of 1026148600?
2, 5, 5130743
List the prime factors of 159717516.
2, 3, 7, 17, 111847
What are the prime factors of 575983489?
53, 149, 72937
What are the prime factors of 95820618?
2, 3, 15970103
What are the prime factors of 5107092096?
2, 3, 29, 458611
List the prime factors of 1282560174.
2, 3, 7, 199, 51151
List the prime factors of 438548043.
3, 71, 293, 7027
List the prime factors of 465209877.
3, 11, 67, 210407
What are the prime factors of 276784252?
2, 69196063
List the prime factors of 627985372.
2, 7, 17, 29, 67, 97
List the prime factors of 881813848.
2, 31, 3555701
What are the prime factors of 70169430?
2, 3, 5, 31, 197, 383
What are the prime factors of 1091796678?
2, 3, 7, 17, 71, 2393
What are the prime factors of 176654321?
4391, 40231
List the prime factors of 373043419.
7, 7613131
What are the prime factors of 6739858663?
73, 97, 103, 9241
List the prime factors of 199637447.
23, 179, 48491
What are the prime factors of 1040302755?
3, 5, 89, 259751
List the prime factors of 11902024.
2, 1487753
What are the prime factors of 2061251?
61, 33791
What are the prime factors of 1891535393?
11, 1013, 169751
What are the prime factors of 787922686?
2, 393961343
What are the prime factors of 543213562?
2, 271606781
List the prime factors of 110906468.
2, 31, 894407
What are the prime factors of 56252178?
2, 3, 211, 4937
What are the prime factors of 2102713890?
2, 3, 5, 70090463
What are the prime factors of 6193837?
13, 37, 79, 163
List the prime factors of 668545852.
2, 13, 12856651
List the prime factors of 1577353085.
5, 7, 11, 4097021
List the prime factors of 915849